{"id":9,"date":"2019-04-25T18:32:37","date_gmt":"2019-04-25T16:32:37","guid":{"rendered":"http:\/\/www.mairie-saintleon.fr\/?page_id=9"},"modified":"2022-12-30T19:33:00","modified_gmt":"2022-12-30T18:33:00","slug":"home","status":"publish","type":"page","link":"https:\/\/www.mairie-saintleon.fr\/?page_id=9","title":{"rendered":"Le mot d&rsquo;accueil de la municipalit\u00e9"},"content":{"rendered":"\n<h3 class=\"wp-block-heading\"><\/h3>\n\n\n\n<p>C\u2019est avec grand plaisir que nous vous souhaitons la bienvenue sur notre site internet de la commune de Saint-L\u00e9on en Gironde ! Il a \u00e9t\u00e9 pens\u00e9 pour vous permettre d\u2019y trouver un grand nombre d\u2019informations et de services en lignes.<\/p>\n\n\n\n<p class=\"has-text-align-left\">En quelques clics, retrouvez toute l\u2019actualit\u00e9 Saint-L\u00e9onnaise, ses manifestations, le compte-rendu du dernier Conseil Municipal, les horaires d&rsquo;ouvertures de la mairie, les informations sur l&rsquo;urbanisme, les projets et r\u00e9alisations de la commune, les partenariats avec les autres communes ou encore les coordonn\u00e9es d\u2019une de nos associations\u2026\u00a0En r\u00e9sum\u00e9, d\u00e9couvrez notre beau village sous toutes ses facettes\u00a0!<br><br>Que vous soyez n\u00e9 \u00e0 Saint-L\u00e9on, nouvel arrivant, membre d\u2019une association, acteur \u00e9conomique ou  souhaitant vivre dans notre commune, cet espace est le v\u00f4tre\u00a0! N\u2019h\u00e9sitez pas \u00e0 nous faire part de vos propositions ou d\u2019informations que nous puissions l\u2019enrichir et le faire vivre ENSEMBLE ! <\/p>\n\n\n\n<p>A toutes et \u00e0 tous, on vous souhaite un bon surf sur&nbsp;<a href=\"https:\/\/www.mairie-ste-eulalie.fr\/\">www.mairie-saintleon.fr<\/a> !<\/p>\n\n\n\n<p class=\"has-text-align-right\"><br><\/p>\n\n\n\n<p><\/p>\n\n\n\n<p><\/p>\n\n\n\n<p class=\"has-text-align-right\">l&rsquo;\u00e9quipe municipale de Saint-L\u00e9on, <br>Nicolas TARBES, Maire<br><\/p>\n\n\n\n<figure class=\"wp-block-image size-large\"><img loading=\"lazy\" decoding=\"async\" width=\"1024\" height=\"768\" src=\"http:\/\/www.mairie-saintleon.fr\/wp-content\/uploads\/2021\/01\/voeux-2021-1024x768.jpeg\" alt=\"\" class=\"wp-image-558\" srcset=\"https:\/\/www.mairie-saintleon.fr\/wp-content\/uploads\/2021\/01\/voeux-2021-1024x768.jpeg 1024w, https:\/\/www.mairie-saintleon.fr\/wp-content\/uploads\/2021\/01\/voeux-2021-300x225.jpeg 300w, https:\/\/www.mairie-saintleon.fr\/wp-content\/uploads\/2021\/01\/voeux-2021-768x576.jpeg 768w, https:\/\/www.mairie-saintleon.fr\/wp-content\/uploads\/2021\/01\/voeux-2021-1536x1152.jpeg 1536w, https:\/\/www.mairie-saintleon.fr\/wp-content\/uploads\/2021\/01\/voeux-2021-2048x1536.jpeg 2048w\" sizes=\"auto, (max-width: 1024px) 100vw, 1024px\" \/><\/figure>\n\n\n\n<p class=\"has-text-align-right\"><img decoding=\"async\" class=\"wp-image-367\" style=\"width: 150px;\" src=\"http:\/\/www.mairie-saintleon.fr\/wp-content\/uploads\/2020\/06\/TARBES-Nicolas.png\" alt=\"\"><\/p>\n\n\n\n<p class=\"has-text-align-center\"><em><strong>\u00ab Se r\u00e9unir est un d\u00e9but, rester ensemble est un progr\u00e8s, travailler ensemble est la r\u00e9ussite \u00bb<\/strong><\/em><br><img loading=\"lazy\" decoding=\"async\" width=\"600\" height=\"163\" class=\"wp-image-392\" style=\"width: 600px;\" src=\"http:\/\/www.mairie-saintleon.fr\/wp-content\/uploads\/2020\/06\/stl-entete.jpg\" alt=\"\" srcset=\"https:\/\/www.mairie-saintleon.fr\/wp-content\/uploads\/2020\/06\/stl-entete.jpg 1026w, https:\/\/www.mairie-saintleon.fr\/wp-content\/uploads\/2020\/06\/stl-entete-300x82.jpg 300w, https:\/\/www.mairie-saintleon.fr\/wp-content\/uploads\/2020\/06\/stl-entete-768x209.jpg 768w, https:\/\/www.mairie-saintleon.fr\/wp-content\/uploads\/2020\/06\/stl-entete-1024x278.jpg 1024w\" sizes=\"auto, (max-width: 600px) 100vw, 600px\" \/><\/p>\n","protected":false},"excerpt":{"rendered":"<p>C\u2019est avec grand plaisir que nous vous souhaitons la bienvenue sur notre site internet de la commune de Saint-L\u00e9on en Gironde ! Il a \u00e9t\u00e9 pens\u00e9 pour vous permettre d\u2019y&hellip;<\/p>\n","protected":false},"author":1,"featured_media":0,"parent":0,"menu_order":0,"comment_status":"closed","ping_status":"closed","template":"","meta":{"footnotes":""},"class_list":["post-9","page","type-page","status-publish","hentry","no-post-thumbnail"],"_links":{"self":[{"href":"https:\/\/www.mairie-saintleon.fr\/index.php?rest_route=\/wp\/v2\/pages\/9","targetHints":{"allow":["GET"]}}],"collection":[{"href":"https:\/\/www.mairie-saintleon.fr\/index.php?rest_route=\/wp\/v2\/pages"}],"about":[{"href":"https:\/\/www.mairie-saintleon.fr\/index.php?rest_route=\/wp\/v2\/types\/page"}],"author":[{"embeddable":true,"href":"https:\/\/www.mairie-saintleon.fr\/index.php?rest_route=\/wp\/v2\/users\/1"}],"replies":[{"embeddable":true,"href":"https:\/\/www.mairie-saintleon.fr\/index.php?rest_route=%2Fwp%2Fv2%2Fcomments&post=9"}],"version-history":[{"count":14,"href":"https:\/\/www.mairie-saintleon.fr\/index.php?rest_route=\/wp\/v2\/pages\/9\/revisions"}],"predecessor-version":[{"id":815,"href":"https:\/\/www.mairie-saintleon.fr\/index.php?rest_route=\/wp\/v2\/pages\/9\/revisions\/815"}],"wp:attachment":[{"href":"https:\/\/www.mairie-saintleon.fr\/index.php?rest_route=%2Fwp%2Fv2%2Fmedia&parent=9"}],"curies":[{"name":"wp","href":"https:\/\/api.w.org\/{rel}","templated":true}]}}